{"version":"1.0","provider_name":"Helsingin Barokkiorkesteri","provider_url":"https:\/\/www.hebo.fi\/fi","author_name":"Sanna Valkiala","author_url":"https:\/\/www.hebo.fi\/fi\/author\/sanna\/","title":"Janakkalan Barokki 2022 &#8211; Helsingin Barokkiorkesteri","type":"rich","width":600,"height":338,"html":"<blockquote class=\"wp-embedded-content\" data-secret=\"hS36mDbdzR\"><a href=\"https:\/\/www.hebo.fi\/fi\/tapahtuma\/janakkalan-barokki-2022\/\">Janakkalan Barokki 2022<\/a><\/blockquote><iframe sandbox=\"allow-scripts\" security=\"restricted\" src=\"https:\/\/www.hebo.fi\/fi\/tapahtuma\/janakkalan-barokki-2022\/embed\/#?secret=hS36mDbdzR\" width=\"600\" height=\"338\" title=\"&#8221;Janakkalan Barokki 2022&#8221; &#8212; Helsingin Barokkiorkesteri\" data-secret=\"hS36mDbdzR\" frameborder=\"0\" marginwidth=\"0\" marginheight=\"0\" scrolling=\"no\" class=\"wp-embedded-content\"><\/iframe><script type=\"text\/javascript\">\n\/* <![CDATA[ *\/\n\/*! This file is auto-generated *\/\n!function(d,l){\"use strict\";l.querySelector&&d.addEventListener&&\"undefined\"!=typeof URL&&(d.wp=d.wp||{},d.wp.receiveEmbedMessage||(d.wp.receiveEmbedMessage=function(e){var t=e.data;if((t||t.secret||t.message||t.value)&&!\/[^a-zA-Z0-9]\/.test(t.secret)){for(var s,r,n,a=l.querySelectorAll('iframe[data-secret=\"'+t.secret+'\"]'),o=l.querySelectorAll('blockquote[data-secret=\"'+t.secret+'\"]'),c=new RegExp(\"^https?:$\",\"i\"),i=0;i<o.length;i++)o[i].style.display=\"none\";for(i=0;i<a.length;i++)s=a[i],e.source===s.contentWindow&&(s.removeAttribute(\"style\"),\"height\"===t.message?(1e3<(r=parseInt(t.value,10))?r=1e3:~~r<200&&(r=200),s.height=r):\"link\"===t.message&&(r=new URL(s.getAttribute(\"src\")),n=new URL(t.value),c.test(n.protocol))&&n.host===r.host&&l.activeElement===s&&(d.top.location.href=t.value))}},d.addEventListener(\"message\",d.wp.receiveEmbedMessage,!1),l.addEventListener(\"DOMContentLoaded\",function(){for(var e,t,s=l.querySelectorAll(\"iframe.wp-embedded-content\"),r=0;r<s.length;r++)(t=(e=s[r]).getAttribute(\"data-secret\"))||(t=Math.random().toString(36).substring(2,12),e.src+=\"#?secret=\"+t,e.setAttribute(\"data-secret\",t)),e.contentWindow.postMessage({message:\"ready\",secret:t},\"*\")},!1)))}(window,document);\n\/\/# sourceURL=https:\/\/www.hebo.fi\/fi\/wp-includes\/js\/wp-embed.min.js\n\/* ]]> *\/\n<\/script>\n","thumbnail_url":"https:\/\/www.hebo.fi\/fi\/wp-content\/uploads\/sites\/2\/2022\/04\/ilmakuva-Janakkalan-hautausmaa-Jarmo-Jokinen-scaled.jpg","thumbnail_width":2560,"thumbnail_height":1440,"description":"Pe 1.7. klo 20 Pyh\u00e4n Laurin Kirkko Avajaiskonsertti: Dresdenin virtuoosit Zefira Valova, viulu Yavor Genov, luuttu Aapo H\u00e4kkinen, cembalo &amp; urut La 2.7. klo 18 Pyh\u00e4n Laurin kirkko Seicento Italiano Croatian Baroque Ensemble Nikolina Hrka\u0107, sopraano Pavao Ma\u0161i\u0107, urut La 2.7. klo 20 Laurinm\u00e4en Keltainen talo Kansanmusiikkia ja iltapalaa Eva Alkula, kantele Pippa Reid-Foster, harppu [&hellip;]"}

Pe 1.7. klo 20 Pyhän Laurin Kirkko Avajaiskonsertti: Dresdenin virtuoosit Zefira Valova, viulu Yavor Genov, luuttu Aapo Häkkinen, cembalo &amp; urut La 2.7. klo 18 Pyhän Laurin kirkko Seicento Italiano Croatian Baroque Ensemble Nikolina Hrkać, sopraano Pavao Mašić, urut La 2.7. klo 20 Laurinmäen Keltainen talo Kansanmusiikkia ja iltapalaa Eva Alkula, kantele Pippa Reid-Foster, harppu [&hellip;]
