{"version":"1.0","provider_name":"Helsingin Barokkiorkesteri","provider_url":"https:\/\/www.hebo.fi\/fi","author_name":"Sanna Valkiala","author_url":"https:\/\/www.hebo.fi\/fi\/author\/sanna\/","title":"Janakkalan Barokin lipunmyynti avattu &#8211; Helsingin Barokkiorkesteri","type":"rich","width":600,"height":338,"html":"<blockquote class=\"wp-embedded-content\" data-secret=\"9veKQwH2YX\"><a href=\"https:\/\/www.hebo.fi\/fi\/2021\/02\/15\/janakkalan-barokin-lipunmyynti-avattu-tanaan\/\">Janakkalan Barokin lipunmyynti avattu<\/a><\/blockquote><iframe sandbox=\"allow-scripts\" security=\"restricted\" src=\"https:\/\/www.hebo.fi\/fi\/2021\/02\/15\/janakkalan-barokin-lipunmyynti-avattu-tanaan\/embed\/#?secret=9veKQwH2YX\" width=\"600\" height=\"338\" title=\"&#8221;Janakkalan Barokin lipunmyynti avattu&#8221; &#8212; Helsingin Barokkiorkesteri\" data-secret=\"9veKQwH2YX\" frameborder=\"0\" marginwidth=\"0\" marginheight=\"0\" scrolling=\"no\" class=\"wp-embedded-content\"><\/iframe><script type=\"text\/javascript\">\n\/* <![CDATA[ *\/\n\/*! This file is auto-generated *\/\n!function(d,l){\"use strict\";l.querySelector&&d.addEventListener&&\"undefined\"!=typeof URL&&(d.wp=d.wp||{},d.wp.receiveEmbedMessage||(d.wp.receiveEmbedMessage=function(e){var t=e.data;if((t||t.secret||t.message||t.value)&&!\/[^a-zA-Z0-9]\/.test(t.secret)){for(var s,r,n,a=l.querySelectorAll('iframe[data-secret=\"'+t.secret+'\"]'),o=l.querySelectorAll('blockquote[data-secret=\"'+t.secret+'\"]'),c=new RegExp(\"^https?:$\",\"i\"),i=0;i<o.length;i++)o[i].style.display=\"none\";for(i=0;i<a.length;i++)s=a[i],e.source===s.contentWindow&&(s.removeAttribute(\"style\"),\"height\"===t.message?(1e3<(r=parseInt(t.value,10))?r=1e3:~~r<200&&(r=200),s.height=r):\"link\"===t.message&&(r=new URL(s.getAttribute(\"src\")),n=new URL(t.value),c.test(n.protocol))&&n.host===r.host&&l.activeElement===s&&(d.top.location.href=t.value))}},d.addEventListener(\"message\",d.wp.receiveEmbedMessage,!1),l.addEventListener(\"DOMContentLoaded\",function(){for(var e,t,s=l.querySelectorAll(\"iframe.wp-embedded-content\"),r=0;r<s.length;r++)(t=(e=s[r]).getAttribute(\"data-secret\"))||(t=Math.random().toString(36).substring(2,12),e.src+=\"#?secret=\"+t,e.setAttribute(\"data-secret\",t)),e.contentWindow.postMessage({message:\"ready\",secret:t},\"*\")},!1)))}(window,document);\n\/\/# sourceURL=https:\/\/www.hebo.fi\/fi\/wp-includes\/js\/wp-embed.min.js\n\/* ]]> *\/\n<\/script>\n","thumbnail_url":"https:\/\/www.hebo.fi\/fi\/wp-content\/uploads\/sites\/2\/2021\/02\/Janakkalan-barokki-banneri-rajattu.jpeg","thumbnail_width":955,"thumbnail_height":445,"description":"Janakkalan Barokki soi j\u00e4lleen 2.-4.7. Viime kes\u00e4n\u00e4 peruuntunut ohjelma toteutuu pienin muutoksin t\u00e4n\u00e4 vuonna. Festivaalin avaa 2.7. vieraileva t\u0161ekkil\u00e4isyhtye Wranitzky Kapelle. Avajaiskonsertissa kuullaan C. P. E. Bachin, Bendan ja Mozartin ik\u00e4toverin Wranitzkyn musiikkia. Urkukonsertissa kuullaan mm. J. S. Bachin ja Couperinin musiikkia. Pyh\u00e4n Laurin kirkon komeita, puhtaasti varhaisbarokin ihanteita noudattavia urkuja soittaa ranskalainen Benjamin Alard. [&hellip;]"}

Janakkalan Barokki soi jälleen 2.-4.7. Viime kesänä peruuntunut ohjelma toteutuu pienin muutoksin tänä vuonna. Festivaalin avaa 2.7. vieraileva tšekkiläisyhtye Wranitzky Kapelle. Avajaiskonsertissa kuullaan C. P. E. Bachin, Bendan ja Mozartin ikätoverin Wranitzkyn musiikkia. Urkukonsertissa kuullaan mm. J. S. Bachin ja Couperinin musiikkia. Pyhän Laurin kirkon komeita, puhtaasti varhaisbarokin ihanteita noudattavia urkuja soittaa ranskalainen Benjamin Alard. [&hellip;]
