{"version":"1.0","provider_name":"Helsingin Barokkiorkesteri","provider_url":"https:\/\/www.hebo.fi\/fi","author_name":"Sanna Valkiala","author_url":"https:\/\/www.hebo.fi\/fi\/author\/sanna\/","title":"Janakkalan syyskonsertin lipunmyynti alkaa 1.8. &#8211; Helsingin Barokkiorkesteri","type":"rich","width":600,"height":338,"html":"<blockquote class=\"wp-embedded-content\" data-secret=\"JaV5XlgUgg\"><a href=\"https:\/\/www.hebo.fi\/fi\/2020\/07\/31\/janakkalan-syyskonsertin-lipunmyynti-alkaa-1-8\/\">Janakkalan syyskonsertin lipunmyynti alkaa 1.8.<\/a><\/blockquote><iframe sandbox=\"allow-scripts\" security=\"restricted\" src=\"https:\/\/www.hebo.fi\/fi\/2020\/07\/31\/janakkalan-syyskonsertin-lipunmyynti-alkaa-1-8\/embed\/#?secret=JaV5XlgUgg\" width=\"600\" height=\"338\" title=\"&#8221;Janakkalan syyskonsertin lipunmyynti alkaa 1.8.&#8221; &#8212; Helsingin Barokkiorkesteri\" data-secret=\"JaV5XlgUgg\" frameborder=\"0\" marginwidth=\"0\" marginheight=\"0\" scrolling=\"no\" class=\"wp-embedded-content\"><\/iframe><script type=\"text\/javascript\">\n\/* <![CDATA[ *\/\n\/*! This file is auto-generated *\/\n!function(d,l){\"use strict\";l.querySelector&&d.addEventListener&&\"undefined\"!=typeof URL&&(d.wp=d.wp||{},d.wp.receiveEmbedMessage||(d.wp.receiveEmbedMessage=function(e){var t=e.data;if((t||t.secret||t.message||t.value)&&!\/[^a-zA-Z0-9]\/.test(t.secret)){for(var s,r,n,a=l.querySelectorAll('iframe[data-secret=\"'+t.secret+'\"]'),o=l.querySelectorAll('blockquote[data-secret=\"'+t.secret+'\"]'),c=new RegExp(\"^https?:$\",\"i\"),i=0;i<o.length;i++)o[i].style.display=\"none\";for(i=0;i<a.length;i++)s=a[i],e.source===s.contentWindow&&(s.removeAttribute(\"style\"),\"height\"===t.message?(1e3<(r=parseInt(t.value,10))?r=1e3:~~r<200&&(r=200),s.height=r):\"link\"===t.message&&(r=new URL(s.getAttribute(\"src\")),n=new URL(t.value),c.test(n.protocol))&&n.host===r.host&&l.activeElement===s&&(d.top.location.href=t.value))}},d.addEventListener(\"message\",d.wp.receiveEmbedMessage,!1),l.addEventListener(\"DOMContentLoaded\",function(){for(var e,t,s=l.querySelectorAll(\"iframe.wp-embedded-content\"),r=0;r<s.length;r++)(t=(e=s[r]).getAttribute(\"data-secret\"))||(t=Math.random().toString(36).substring(2,12),e.src+=\"#?secret=\"+t,e.setAttribute(\"data-secret\",t)),e.contentWindow.postMessage({message:\"ready\",secret:t},\"*\")},!1)))}(window,document);\n\/\/# sourceURL=https:\/\/www.hebo.fi\/fi\/wp-includes\/js\/wp-embed.min.js\n\/* ]]> *\/\n<\/script>\n","thumbnail_url":"https:\/\/www.hebo.fi\/fi\/wp-content\/uploads\/sites\/2\/2020\/05\/IMG_0608-1024x683.jpg","thumbnail_width":1024,"thumbnail_height":683,"description":"Perinteisesti kes\u00e4kuun viimeisen\u00e4 viikonloppuna j\u00e4rjestetty Janakkalan Barokki jouduttiin t\u00e4n\u00e4 vuonna perumaan koronapandemian takia. Kes\u00e4lle suunniteltu ohjelma siirret\u00e4\u00e4n l\u00e4hes sellaisenaan vuodella eteenp\u00e4in. Jotta kuluvana vuonna Janakkalassa ei j\u00e4\u00e4t\u00e4isi t\u00e4ysin vaille musiikkitapahtumaa, festivaaliorganisaatio p\u00e4\u00e4tti j\u00e4rjest\u00e4\u00e4 korvaavan tapahtuman Pyh\u00e4n Laurin kirkon 500-vuotisp\u00e4iv\u00e4n\u00e4 19.9.2020.&nbsp; &#8221;Kirkon vihkimisen 500-vuotisp\u00e4iv\u00e4 on hieno tilaisuus erityislaatuiselle juhlakonsertille&#8221;, sanoo tapahtuman taiteellinen johtaja Aapo H\u00e4kkinen. &#8221;Ohjelmassa [&hellip;]"}

Perinteisesti kesäkuun viimeisenä viikonloppuna järjestetty Janakkalan Barokki jouduttiin tänä vuonna perumaan koronapandemian takia. Kesälle suunniteltu ohjelma siirretään lähes sellaisenaan vuodella eteenpäin. Jotta kuluvana vuonna Janakkalassa ei jäätäisi täysin vaille musiikkitapahtumaa, festivaaliorganisaatio päätti järjestää korvaavan tapahtuman Pyhän Laurin kirkon 500-vuotispäivänä 19.9.2020.&nbsp; &#8221;Kirkon vihkimisen 500-vuotispäivä on hieno tilaisuus erityislaatuiselle juhlakonsertille&#8221;, sanoo tapahtuman taiteellinen johtaja Aapo Häkkinen. &#8221;Ohjelmassa [&hellip;]
