{"version":"1.0","provider_name":"Helsingin Barokkiorkesteri","provider_url":"https:\/\/www.hebo.fi\/fi","author_name":"Sanna Valkiala","author_url":"https:\/\/www.hebo.fi\/fi\/author\/sanna\/","title":"Vanhan musiikin sarjan syyskausi on avattu myyntiin &#8211; Helsingin Barokkiorkesteri","type":"rich","width":600,"height":338,"html":"<blockquote class=\"wp-embedded-content\" data-secret=\"Y7h0MXrmO7\"><a href=\"https:\/\/www.hebo.fi\/fi\/2018\/04\/16\/vanhan-musiikin-sarjan-syyskausi-on-avattu-myyntiin\/\">Vanhan musiikin sarjan syyskausi on avattu myyntiin<\/a><\/blockquote><iframe sandbox=\"allow-scripts\" security=\"restricted\" src=\"https:\/\/www.hebo.fi\/fi\/2018\/04\/16\/vanhan-musiikin-sarjan-syyskausi-on-avattu-myyntiin\/embed\/#?secret=Y7h0MXrmO7\" width=\"600\" height=\"338\" title=\"&#8221;Vanhan musiikin sarjan syyskausi on avattu myyntiin&#8221; &#8212; Helsingin Barokkiorkesteri\" data-secret=\"Y7h0MXrmO7\" frameborder=\"0\" marginwidth=\"0\" marginheight=\"0\" scrolling=\"no\" class=\"wp-embedded-content\"><\/iframe><script type=\"text\/javascript\">\n\/* <![CDATA[ *\/\n\/*! This file is auto-generated *\/\n!function(d,l){\"use strict\";l.querySelector&&d.addEventListener&&\"undefined\"!=typeof URL&&(d.wp=d.wp||{},d.wp.receiveEmbedMessage||(d.wp.receiveEmbedMessage=function(e){var t=e.data;if((t||t.secret||t.message||t.value)&&!\/[^a-zA-Z0-9]\/.test(t.secret)){for(var s,r,n,a=l.querySelectorAll('iframe[data-secret=\"'+t.secret+'\"]'),o=l.querySelectorAll('blockquote[data-secret=\"'+t.secret+'\"]'),c=new RegExp(\"^https?:$\",\"i\"),i=0;i<o.length;i++)o[i].style.display=\"none\";for(i=0;i<a.length;i++)s=a[i],e.source===s.contentWindow&&(s.removeAttribute(\"style\"),\"height\"===t.message?(1e3<(r=parseInt(t.value,10))?r=1e3:~~r<200&&(r=200),s.height=r):\"link\"===t.message&&(r=new URL(s.getAttribute(\"src\")),n=new URL(t.value),c.test(n.protocol))&&n.host===r.host&&l.activeElement===s&&(d.top.location.href=t.value))}},d.addEventListener(\"message\",d.wp.receiveEmbedMessage,!1),l.addEventListener(\"DOMContentLoaded\",function(){for(var e,t,s=l.querySelectorAll(\"iframe.wp-embedded-content\"),r=0;r<s.length;r++)(t=(e=s[r]).getAttribute(\"data-secret\"))||(t=Math.random().toString(36).substring(2,12),e.src+=\"#?secret=\"+t,e.setAttribute(\"data-secret\",t)),e.contentWindow.postMessage({message:\"ready\",secret:t},\"*\")},!1)))}(window,document);\n\/\/# sourceURL=https:\/\/www.hebo.fi\/fi\/wp-includes\/js\/wp-embed.min.js\n\/* ]]> *\/\n<\/script>\n","thumbnail_url":"https:\/\/www.hebo.fi\/fi\/wp-content\/uploads\/sites\/2\/2013\/06\/Hebo2778m.jpg","thumbnail_width":3563,"thumbnail_height":2362,"description":"Syyskausi k\u00e4ynnistyy Bachin loistokkaalla h\u00e4\u00e4kantaatilla Weichet nur, betr\u00fcbte Schatten sek\u00e4 Bachin aikalaisten phantasticus-musiikilla Tukholmasta ja Lyypekist\u00e4. Syksyn suurtapahtuma on Amour de loin &#8211; arabien V\u00e4limeri. Se on jatkoa vuoden 2015 uudenvuoden konsertin my\u00f6t\u00e4 ilmi\u00f6ksi nousseelle orkesterin ja fadotaiteilijoiden yhteisty\u00f6lle. Fadon ja barokin yhteyksi\u00e4 tutkinut, suuren suosion saavuttanut projekti j\u00e4i kytem\u00e4\u00e4n taiteilijoiden mieliin ja saa nyt [&hellip;]"}

Syyskausi käynnistyy Bachin loistokkaalla hääkantaatilla Weichet nur, betrübte Schatten sekä Bachin aikalaisten phantasticus-musiikilla Tukholmasta ja Lyypekistä. Syksyn suurtapahtuma on Amour de loin &#8211; arabien Välimeri. Se on jatkoa vuoden 2015 uudenvuoden konsertin myötä ilmiöksi nousseelle orkesterin ja fadotaiteilijoiden yhteistyölle. Fadon ja barokin yhteyksiä tutkinut, suuren suosion saavuttanut projekti jäi kytemään taiteilijoiden mieliin ja saa nyt [&hellip;]
